1
Let i(l) = l**2 + 2*l. Let f be i(-3). Suppose -y = 3*s + 9, s + 0 = -y - f. Let v(o) = -o**3 - o**2 + 4*o - 1. Give v(s).
5
Let m = 8 + -6. Suppose 5*s = m*s. Let z(h) = -2 + 6 + h + s. What is z(-5)?
-1
Let b(v) = v. Let y(l) = 7*l + 1. Let o(m) = -39*b(m) + 6*y(m). Determine o(-4).
-6
Let c(f) = -4*f**2 + 2*f + 7. Let n(w) = w**2 - 1. Let t(r) = c(r) + 5*n(r). Give t(3).
17
Let a(u) be the second derivative of 1/2*u**2 - 1/3*u**3 + 0 + 4*u. Let i be (-2)/7 + (-36)/21. Determine a(i).
5
Let l(c) = -6*c + 16. Let i(x) = -5*x + 15. Let s(a) = 5*i(a) - 4*l(a). Determine s(10).
1
Let k be (-6)/(-2) + (-96)/12. Let s(b) = b + 10. What is s(k)?
5
Let n(a) = a**2 - 4*a - 2. Let b be n(6). Let z be (30/25)/((-2)/b). Let v(t) be the third derivative of -t**4/24 - t**3/6 - t**2. Give v(z).
5
Let j = 3 - 6. Let g(v) be the first derivative of 1 - v + 3/2*v**2. Give g(j).
-10
Let s(l) = -l**3 + 14*l**2 - 14*l + 11. Let i be s(13). Let f(u) = -5*u**2 - 3*u + 1. Let b(d) = d**2 - 1. Let y(g) = 4*b(g) + f(g). Determine y(i).
-1
Suppose -14*r - 28 = -0. Let z(q) = -9*q - 2. Calculate z(r).
16
Let p(q) = q**2 - 2*q - 3. Let b be (-30)/(-8)*1 - (-3)/(-4). Determine p(b).
0
Let m(r) be the first derivative of -r**3 + 2*r**2 - 5*r + 5. Let l(z) = 8*z**2 - 11*z + 14. Let h(n) = 4*l(n) + 11*m(n). Calculate h(-1).
0
Suppose 0 = 17*u - 24*u - 35. Let z(s) be the third derivative of -s**4/24 - 5*s**3/6 - s**2. Calculate z(u).
0
Let u(j) = 7*j - 1. Suppose 2 = -m + 3*m. Calculate u(m).
6
Let r(i) = 4*i + 4*i - 6*i - 5 - i. Calculate r(4).
-1
Let a(n) = 0 - 2 + n**2 + 4. Suppose 0 = o + 6 - 10. Let x(g) = -2*g + 5. Let h be x(o). Calculate a(h).
11
Let g(t) = -8*t**3 - 2*t**2 + 1. Let j be 2/(-16)*-4 + 2/4. Determine g(j).
-9
Let r(u) be the second derivative of 0 - 1/12*u**4 + 3/20*u**5 + 1/2*u**2 - u - 1/6*u**3. Let p(s) = s**3 - s**2. Let k(m) = 4*p(m) - r(m). Calculate k(2).
-3
Suppose 0 = 4*c - 0*c - 12. Let n(l) = l**2 - 2*l + 13*l - 11*l + l**c. Give n(1).
2
Let m(h) = -h**3 - 4*h**2 + 4*h - 3. Let u be m(-5). Let d(b) = 7*b**u + 4 + 2 + b - 6. Give d(-1).
6
Let o(w) = -w**3 + w**2 - w + 8. Suppose -3*s - 1 = -10. Let b(r) = r + 2*r**s - r**3 + 0*r**3 - 9. Let n(z) = 3*b(z) + 4*o(z). What is n(4)?
1
Let j(a) = a**3 - a + 10. Let p be 22/(-6) - (-12)/18. Let n be (-2)/(p + 1)*0. Determine j(n).
10
Let n(j) = j**2 + 6*j + 4. Let d = 11 - 11. Suppose 2*b = -2*i - 6 - 12, d = 4*b + 3*i + 32. Determine n(b).
-1
Let n(s) = s + 10. Let v(j) = -j - 20. Let p be v(-9). Calculate n(p).
-1
Suppose -2*h - 7 = 3*r - 0*r, -5*h + 3*r = 7. Let o(s) = s. Determine o(h).
-2
Let v = -1 + 6. Suppose 0*g + 2*g - c = -1, -3*g - 4 = -4*c. Let x be 25/v - g/(-2). Let q(t) = -t**2 + 5*t. Calculate q(x).
0
Let m(f) = 5*f - 5. Let g(y) = -y + 1. Let i(n) = -33*g(n) - 6*m(n). Determine i(6).
15
Let i(w) = w - 7. Let s be i(4). Let c(p) = -p + 1. Let x be c(s). Let h be x/(-5)*(-10)/4. Let b(o) = o**2 - 3*o + 3. What is b(h)?
1
Let h(v) = 2*v - 4*v - 4*v. What is h(2)?
-12
Let l(g) = -9*g**3 - g**2 - g - 1. Let t be 2 - (0 + -2)*4. Suppose 2 = -2*q, -5*a - t = q - 4. What is l(a)?
8
Let z(v) = -v**2 - 4*v + 4. Suppose -2*d + 8 + 4 = 0. Let g be d/(-5)*80/(-12). Suppose -3*i - g - 7 = 0. What is z(i)?
-1
Let w(c) = -4*c + 1. Let i = 44 - 42. Give w(i).
-7
Suppose -2*p + 3*k = -2*k + 16, 3*p = k + 2. Let c(q) = 2*q - 43. Let a be c(23). Let s = p - a. Let r(u) = -u**2. Calculate r(s).
-1
Let d(j) be the first derivative of j**2/2 + 7*j - 1. Suppose 3*w + 3*w = 2*w. Calculate d(w).
7
Let z(n) = n**2 + 1. Let i(m) = m**3 - m**2 + 2*m + 11. Let y = 16 + -11. Let k(l) = y*z(l) - i(l). Give k(5).
9
Suppose 6 + 3 = 3*m. Suppose -4*c = -4*y - 64, 3*y = 2*c + m*c - 78. Suppose c = -j - 4*j. Let u(q) = -q**2 - q + 2. Calculate u(j).
-4
Let j(i) = 11*i - 10. Let a(c) = 5*c - 5. Let u(m) = 7*a(m) - 3*j(m). Suppose -20 = -2*o - 3*o. Suppose o*x - 11 = 5. Calculate u(x).
3
Let s(q) = 4*q**2 + 10*q + 1. Let y(m) = 5*m**2 + 12*m + 2. Let u(l) = -4*s(l) + 3*y(l). What is u(-3)?
5
Suppose -3 - 27 = -5*h. Let g(y) be the first derivative of -3*y**2 - 1/4*y**4 - 6*y + 2 + 7/3*y**3. Give g(h).
-6
Let v(s) = -8*s**2 - 2*s - 1. Let b be (-12)/54 - 14/18. Give v(b).
-7
Let y(p) be the first derivative of p**2/2 + 4*p + 13. What is y(-5)?
-1
Let t(f) = f**2. Let v be 2/8 + (-14)/(-8). Calculate t(v).
4
Let c(l) = -2*l**3 + l**2. Suppose p + 3 = -2*y, -4*p = 2*y - 5*y + 23. Give c(y).
-1
Let a(o) = 9*o - 5. Let s = 6 + 3. Let v(n) = -18*n + 9. Let b(k) = s*a(k) + 5*v(k). Calculate b(-1).
9
Let o(z) = 4 + 9 + z - 4. Let a(p) = -4*p**2 - p + 1. Suppose 0 = 2*f + 4 - 6. Let b be a(f). Determine o(b).
5
Let t(c) = -c**3 - c**2 - 2. Let h be t(-3). Let r = -17 + h. Let f(k) = 10*k**2 + k + 1. Give f(r).
10
Let b = -1 + 0. Let u(t) = t**3 - t. Let f(x) = 6*x**3 + 2*x**2 - 6*x - 2. Let w(v) = b*f(v) + 5*u(v). What is w(-2)?
0
Let u = -5 + 5. Let c(y) be the first derivative of -1/4*y**4 + 1/3*y**3 - 5 - 1/2*y**2 - 5*y. Give c(u).
-5
Let s(d) be the third derivative of -d**7/2520 - d**6/240 - d**5/40 - d**4/8 - d**2. Let i(g) be the second derivative of s(g). Give i(-2).
-1
Let w(y) = -y + 1. Let z be w(2). Let i(j) = -2*j - 1. Calculate i(z).
1
Let n(c) = -c - 2. Let s be n(-9). Let f = s + -6. Let b(p) be the third derivative of p**6/120 + p**5/60 - p**4/24 - p**2. Give b(f).
1
Let n(r) = r**3 - 6*r**2 + 3*r - 9. Let d be n(6). Suppose 4*k = d*k. Let l(x) = x**2 + 5. Give l(k).
5
Let i(u) = 11*u + 1 + 3 - 9*u - 20. Give i(11).
6
Let w(y) = y**3 - 3*y**2 - 4*y. Let i be w(4). Let g = i - -2. Let c(l) = -g*l + 4*l + 0*l + 4. Give c(-3).
-2
Let u(q) be the first derivative of q**3/3 + 2*q**2 - 6*q - 10. Calculate u(-5).
-1
Let k = -11 + 6. Let b(v) be the third derivative of -v**6/120 - v**5/15 + v**4/4 + 2*v**3/3 + 13*v**2 + 3. Calculate b(k).
-1
Let m(d) = -6*d**3 - 14*d**2 + 41*d - 26. Let u(v) = -v**3 - 3*v**2 + 8*v - 5. Let c(r) = 2*m(r) - 11*u(r). Calculate c(4).
-5
Let i(j) be the second derivative of -1/20*j**5 + 1/4*j**4 - 2*j + 0 + 1/6*j**3 - 3/2*j**2. Let m be 3*(-2)/4*-2. Calculate i(m).
0
Let y(z) be the first derivative of 11*z**5/20 + z**4/6 + z**3/3 + z**2/2 + z - 2. Let f(q) be the first derivative of y(q). Give f(-1).
-10
Let f(t) = t - 1. Let d(z) = -21*z + 3. Let c(u) = -2*u. Let n(x) = 18*c(x) - 2*d(x). Let v(w) = -3*f(w) + n(w). Calculate v(3).
6
Let l(d) be the first derivative of -1/3*d**3 + 3*d + 1/2*d**2 - 2. What is l(4)?
-9
Let h(c) = 6*c - 2. Let w(z) = 18*z - 6. Let p(j) = -17*h(j) + 6*w(j). Determine p(2).
10
Let o(j) = j**2 - 3. Suppose w + 3 = 8. Suppose -2*n - 8 = 4*b - 26, 2*b + 9 = w*n. Determine o(b).
6
Let c(n) = -4*n + 7 + 5 + 3 - 21. Determine c(-4).
10
Let h(w) be the second derivative of -1/12*w**4 - 1/2*w**2 + 4*w + 0 - 2/3*w**3. Give h(-4).
-1
Let u = 5 - 8. Let v(m) = -4*m**3 + 8*m**2 + 2*m - 4. Let z(d) = -d**3 + d**2 + d - 1. Let b(j) = -v(j) + 5*z(j). Give b(u).
-10
Let b(r) be the first derivative of -r**4/4 + r**3/3 - 2*r + 4. Let i(v) = -v**2 - 5*v + 8. Let q be i(-6). Give b(q).
-6
Let w(s) be the second derivative of -s**5/120 + 7*s**4/24 - 5*s**3/6 - 4*s. Let a(i) be the second derivative of w(i). Calculate a(6).
1
Let a be ((-6)/8)/((-2)/(-16)). Let z(p) = p + 8. Let b be z(a). Let x(c) = 6*c - 7 + c**2 + c - b*c. Calculate x(-5).
-7
Suppose 0 = -12*c - 16 + 28. Let f(t) be the third derivative of t**4/6 - t**2. What is f(c)?
4
Let x(q) = -q**3 - 7*q**2 - 6*q + 4. Let a(y) = y - 30. Let d be a(24). Calculate x(d).
4
Let g(j) = 0 - 76*j + 80*j + 2*j**2 - j**3 - 4. Let f = 3 - 0. Give g(f).
-1
Let i = 9 - 11. Let f be i/12 - 248/(-48). Let w(g) = -g**3 + 4*g**2 + 5*g - 6. Calculate w(f).
-6
Let i be -14 + 0/(0 - -1). Let u = -10 - i. Let r(j) = j - 6. Determine r(u).
-2
Let n(r) be the second derivative of -r**7/2520 + r**6/240 + r**5/60 - r**4/4 - 2*r. Let p(h) be the third derivative of n(h). Determine p(-2).
-8
Suppose 2*z - 6 = 2*c, -2*c - 4*z + 14 = -2*z. Let n(v) = -v**3 + 14*v**2 + 2*v**3 - 15*v**c - 2 + v. Determine n(0).
-2
Let w(t) be the second derivative of 3*t**5/10 - t**4/12 - 6*t. Give w(-1).
-7
Suppose -3*j = 5*g + 43, -j - 4 = -3. Let n(p) = p**3 + 9*p**2 + 9*p + 4. Determine n(g).
-4
Let c(p) = p + 41. Let d be c(-37). Let b(r) = r - 6. Calculate b